a0 (base 11) to base 14
-7c3468
What is 1352740 (base 11) in base 3?
11101110011211
What is 1a09 (base 16) in base 11?
500a
What is 30233131330 (base 4) in base 16?
32f77c
What is -2265349 (base 11) in base 8?
-17066515
823aa40 (base 11) to base 6
1235531205
What is 523314 (base 7) in base 2?
10101111110101000
Convert -b62a6 (base 16) to base 11.
-46a659
-138a9d (base 14) to base 6
-22302455
What is 23700472 (base 9) in base 11?
6595792
543565 (base 7) to base 10
94960
Convert -70ab5 (base 13) to base 6.
-4154033
863094 (base 11) to base 8
5207776
What is -3344721 (base 8) in base 5?
-212404013
What is -13431021 (base 5) in base 9?
-232332
Convert 22021211200 (base 3) to base 11.
101665
What is 122211012 (base 4) in base 10?
108870
Convert 1600519 (base 11) to base 5.
1200112432
-325482 (base 9) to base 5
-22204222
Convert 3753673 (base 9) to base 12.
8264b6
What is 1111101011000001111 (base 2) in base 11?
320925
Convert 1111001011001001101111 (base 2) to base 8.
17131157
62005 (base 10) to base 4
33020311
Convert -230030011 (base 6) to base 5.
-2033443220
Convert -4103114 (base 5) to base 6.
-1225414
135582 (base 10) to base 16
2119e
Convert 83170 (base 9) to base 2.
1101011000100011
What is 99243 (base 10) in base 5?
11133433
Convert -10b767 (base 12) to base 16.
-41a7f
-4072a9 (base 12) to base 10
-1007841
Convert 16637304 (base 8) to base 2.
1110110011111011000100
1230101331 (base 4) to base 8
1542175
What is 12011111121222 (base 3) in base 7?
32224313
103053415 (base 6) to base 2
110111110000000110011
What is -362868 (base 10) in base 2?
-1011000100101110100
2010211202022 (base 3) to base 13
30b2a3
What is -705dc6 (base 14) in base 3?
-21010002211211
13645335 (base 7) to base 11
800349
3645467 (base 8) to base 7
11343100
232123042 (base 6) to base 7
51402224
What is -2255624 (base 8) in base 14?
-11d6cc
Convert -1173050 (base 8) to base 4.
-1033120220
Convert 45261445 (base 7) to base 2.
1110111111101110000001
What is cbd70 (base 16) in base 7?
10045123
What is 41c0 (base 13) in base 4?
2032121
Convert -28239b (base 13) to base 2.
-11101110010011100111
Convert -24150545 (base 6) to base 2.
-10111001110010000001
2835c (base 16) to base 3
22100221000
What is -212b34 (base 13) in base 4?
-2331303203
111111011101011 (base 2) to base 11
22458
Convert 487630 (base 9) to base 10.
294300
What is -60812 (base 10) in base 5?
-3421222
What is 1985359 (base 10) in base 16?
1e4b4f
Convert 12132222 (base 6) to base 5.
44313210
9697 (base 10) to base 3
111022011
What is 44923 (base 11) in base 3?
10022011111
Convert 674010 (base 10) to base 7.
5505021
Convert -3011333221 (base 4) to base 3.
-1112012110111
Convert -f2fdf (base 16) to base 2.
-11110010111111011111
1143431 (base 8) to base 13
ac698
-9247ef (base 16) to base 6
-541250423
Convert 439b3 (base 13) to base 11.
84046
Convert -1260851 (base 9) to base 14.
-13d451
Convert -1111110000011000010 (base 2) to base 9.
-866185
What is 16464714 (base 8) in base 11?
2185187
Convert -1129220 (base 11) to base 7.
-22531334
What is a8a94 (base 12) in base 8?
663020
22111121010 (base 3) to base 6
3330520
What is 100121111021 (base 3) in base 12?
91581
-100410230 (base 7) to base 15
-7a3b4e
-2011012020220 (base 3) to base 4
-10113221211
-8b0b1 (base 14) to base 15
-6a0b2
Convert -1886 (base 14) to base 6.
-32302
Convert -1101121102022 (base 3) to base 7.
-6202064
Convert -302110 (base 4) to base 11.
-2468
What is -1141004224 (base 5) in base 15?
-37bc79
Convert -1774f8 (base 16) to base 13.
-41a939
What is -1245031 (base 7) in base 3?
-22021001101
What is 532542 (base 6) in base 2?
1010100110001110
332055055 (base 6) to base 4
112303312223
-11020002222220 (base 3) to base 13
-60842a
Convert 330310330 (base 4) to base 15.
4dc4d
Convert -3063656 (base 11) to base 10.
-5407309
-8ab038 (base 12) to base 15
-2dbd98
What is -381a6 (base 13) in base 12?
-4bb24
Convert 2200202420 (base 5) to base 15.
62acaa
125cc3d (base 14) to base 7
135035006
77ff (base 16) to base 8
73777
-4ba399 (base 15) to base 12
-1270100
Convert -22331030330 (base 4) to base 9.
-5356728
Convert 31070 (base 11) to base 13.
17830
What is 3a469 (base 13) in base 4?
122132000
Convert 221200011210 (base 3) to base 12.
204526
What is -200332201 (base 4) in base 7?
-1101541
What is 14564623 (base 7) in base 6?
45514531
What is -25652 (base 7) in base 3?
-100101122
What is -11305134 (base 7) in base 13?
-28a217
-4740816 (base 9) to base 12
-a38b66
-406542 (base 11) to base 13
-19b1c7
-2365318 (base 11) to base 3
-21202101011111
3002023204 (base 5) to base 16
59e8d0
What is -32653 (base 14) in base 16?
-1dc81
What is -163269 (base 16) in base 11?
-903a32
Convert -14125621 (base 8) to base 16.
-30ab91
Convert 3a3724 (base 11) to base 16.
9ae3d
What is -2cbd (base 16) in base 11?
-8672
Convert 241033434 (base 5) to base 14.
20d224
What is -121113003330 (base 4) in base 11?
-3830871
What is 5700 (base 16) in base 3?
1010112220
Convert a07a49 (base 11) to base 16.
18bc62
Convert -36453 (base 9) to base 3.
-1020111210
Convert 22303104 (base 5) to base 4.
300022133
21333022110 (base 4) to base 2
1001111111001010010100
What is -26ac5b (base 13) in base 8?
-3450052
-226a8e (base 15) to base 2
-110010001000010001010
3df9d (base 16) to base 9
426188
What is -10001001001100011 (base 2) in base 11?
-48858
-333424324 (base 5) to base 6
-51241452
68a16 (base 15) to base 9
556733
What is -1763410 (base 8) in base 3?
-222022102100
Convert 131249 (base 13) to base 2.
1110000001100110100
Convert -624154 (base 7) to base 10.
-107104
What is -1011301132 (base 4) in base 7?
-2300131
123401320 (base 5) to base 15
bea5a
What is 188670 (base 11) in base 15?
5ac3a
27615 (base 11) to base 9
58862
-32411502 (base 6) to base 13
-27a865
Convert -21012320211 (base 4) to base 3.
-11111022000200
1422ab3 (base 12) to base 5
2012342230
-1002145 (base 8) to base 6
-5350501
Convert -12113003301 (base 4) to base 9.
-3121110
Convert -477055 (base 8) to base 6.
-3300205
20111312021 (base 4) to base 12
8954b5
Convert 355a902 (base 11) to base 8.
27534070
-4031641 (base 7) to base 4
-1310310001
Convert -23237562 (base 8) to base 14.
-95ad22
Convert 508107 (base 10) to base 3.
221210222210
Convert 622654 (base 8) to base 6.
4230512
-406baf (base 16) to base 3
-21221111022121
-3241353 (base 8) to base 13
-24577a
Convert -15313 (base 7) to base 10.
-4273
b4b17b (base 12) to base 7
33063653
-103322022333 (base 4) to base 14
-99bd83
What is -105511041 (base 7) in base 8?
-30441656
1977037 (base 10) to base 6
110212541
What is 487741 (base 11) in base 12?
3125b1
What is -10111010000011010100111 (base 2) in base 12?
-206011b
-1101101010000 (base 2) to base 5
-210432
What is -358a59 (base 11) in base 2?
-10001010101111011000
-6847 (base 11) to base 16
-232d
-3311476 (base 10) to base 14
-622b40
-5e4ed (base 16) to base 2
-1011110010011101101
Convert -1322130 (base 8) to base 4.
-1122101120
What is 28a789 (base 16) in base 2?
1010001010011110001001
What is a694 (base 14) in base 10?
28746
Convert -10111111000100011 (base 2) to base 4.
-113320203
What is -3011020 (base 6) in base 4?
-202202310
Convert 1000000110100101010111010 (base 2) to base 11.
9657070
What is 646a83 (base 14) in base 9?
6350670
Convert -312010 (base 12) to base 5.
-144130300
What is -2610455 (base 9) in base 7?
-15050633
Convert -9689c (base 13) to base 5.
-32143322
-1ae37 (base 16) to base 14
-2c1cb
What is -55d360 (base 16) in base 9?
-11522535
What is 22262350 (base 7) in base 10?
1931272
Convert 197b17 (base 12) to base 10.
449155
Convert 161061 (base 9) to base 11.
68591
What is 43967 (base 13) in base 2?
11101111001001001
Convert 232020250 (base 6) to base 16.
418986
-12157 (base 16) to base 3
-10202121101
What is -1034332 (base 6) in base 9?
-77622
Convert -2121248 (base 9) to base 6.
-40203112
-275026 (base 10) to base 7
-2223553
What is 14433363 (base 7) in base 3?
2120121000000
-421122 (base 7) to base 13
-26c82
What is -1000001000111000111110 (base 2) in base 14?
-3d7778
Convert c3f0 (base 16) to base 11.
34760
Convert 11040430 (base 5) to base 11.
66445
Convert 41007b (base 12) to base 15.
15113e
Convert -318887 (base 9) to base 16.
-2e73b
What is b1272 (base 12) in base 4?
320030312
Convert 112943c (base 13) to bas